t v(o) = -2*o**3 + 3*o**2 + 3*o + 6. Determine v(3).
-12
Let f(s) = -7*s - 10. Determine f(6).
-52
Let c(z) = z**2 + 5*z - 13. Calculate c(-7).
1
Let l(v) = 11*v**2 - 6*v - 3. Give l(-2).
53
Let r(q) = -2*q**3 - 31*q**2 + 15*q - 5. Calculate r(-16).
11
Let v(r) = -14*r**3 + 4*r**2 - 2*r - 2. Give v(1).
-14
Let i(u) = u**2 - 39*u - 97. Determine i(41).
-15
Let u(o) = 2*o**3 - 3*o**2 + o - 3. Give u(2).
3
Let r(w) = -w**3 - 5*w**2 + 20*w + 80. Calculate r(-6).
-4
Let d(b) = -5*b + 6. Determine d(5).
-19
Let l(b) = b**3 + 8*b**2 + 5*b + 9. Determine l(-8).
-31
Let y(k) = 2*k**3 - 35*k**2 + 14*k + 37. Give y(17).
-14
Let x(p) = -p**3 + 12*p**2 - 10*p - 18. Calculate x(11).
-7
Let m(k) = k**2 - 12*k + 3. Calculate m(5).
-32
Let t(a) = -6*a**3 + 2*a**2 - 2*a + 1. Determine t(1).
-5
Let x(m) = -20*m**2 + 13*m - 14. Calculate x(1).
-21
Let v(u) = -6*u + 17. Calculate v(-5).
47
Let m(i) = -11*i - 33. What is m(-4)?
11
Let v(b) = 2*b**2 - 49*b + 21. What is v(24)?
-3
Let o(s) = 8*s - 72. Give o(9).
0
Let t(a) = 29*a + 285. Calculate t(-10).
-5
Let h(n) = n**2 + 1. Determine h(6).
37
Let u(q) = q - 1. What is u(-18)?
-19
Let y(g) = -3*g + 40. Give y(17).
-11
Let m(f) = -2*f**2 + 5*f - 6. Calculate m(4).
-18
Let j(f) = 5*f + 24. Determine j(-6).
-6
Let s(w) = -w**3 - 10*w**2 - 4*w - 34. Give s(-10).
6
Let o(q) = -2*q**2 - 27*q - 56. Calculate o(-5).
29
Let f(n) = -n**3 + 17*n**2 - 22. Calculate f(17).
-22
Let t(y) = 22*y + 66. Determine t(-5).
-44
Let f(n) = n**2 + 9*n + 8. Calculate f(-10).
18
Let j(d) = -3*d + 43. What is j(6)?
25
Let p(z) = 2*z**2 - 3*z + 12. What is p(5)?
47
Let k(u) = u**3 + 16*u**2 + 15*u + 13. Determine k(-15).
13
Let c(n) = -3*n**2 - 3*n + 11. What is c(3)?
-25
Let t(q) = 6*q - 7. Determine t(1).
-1
Let r(p) = 2*p**3 + 55*p**2 + 33*p + 156. Give r(-27).
-6
Let k(y) = 80*y**2 + y - 1. What is k(-1)?
78
Let d(b) = -5*b**2 - 6*b + 4. Calculate d(-3).
-23
Let g(a) = 2*a**2 - 38*a + 130. Calculate g(5).
-10
Let m(i) = -i**3 - 4*i**2 + 2*i + 12. Give m(-5).
27
Let w(c) = -c**2 + 144. Give w(-11).
23
Let w(i) = -10*i**2 - 281*i - 15. Give w(-28).
13
Let y(h) = -h**3 - 31*h**2 - 4*h - 111. Determine y(-31).
13
Let a(z) = -10*z**2 - 4*z + 1. Calculate a(1).
-13
Let k(s) = 3*s. Calculate k(-7).
-21
Let b(p) = -p**2 - 5*p + 2. Give b(-3).
8
Let k(z) = -3*z**3 + z**2 + 3*z - 2. What is k(-2)?
20
Let m(x) = x**3 - 3*x**2 - 4*x - 7. What is m(4)?
-7
Let n(q) = -q**3 - 15*q**2 + 13*q - 20. Determine n(-16).
28
Let m(j) = j + 6. What is m(-6)?
0
Let o(r) = -7*r**2 + 4*r - 4. What is o(1)?
-7
Let u(c) = -104*c - 3. Give u(-1).
101
Let y(q) = 34*q**3 + 2*q**2 + 2*q + 1. Determine y(-1).
-33
Let q(z) = -6*z**3 + 12*z**2 + 1. Determine q(2).
1
Let m(y) = 8*y - 18. Give m(2).
-2
Let v(w) = -w**3 - 17*w**2 + 16*w - 42. Determine v(-18).
-6
Let g(w) = -w**3 + 4*w**2 - 4*w + 18. Calculate g(4).
2
Let t(m) = 2*m**3 - 27*m**2 + 5*m + 48. What is t(13)?
-56
Let a(q) = -q**3 + 4*q**2 + 6*q - 2. Give a(5).
3
Let g(b) = -b + 49. Give g(23).
26
Let c(q) = -q**2 - 17*q - 1. What is c(-18)?
-19
Let k(b) = -2*b**3 + 20. What is k(0)?
20
Let o(x) = -x. Give o(1).
-1
Let p(j) = 4*j - 11. Give p(5).
9
Let i(f) = -3*f**2 - 14*f + 12. What is i(-7)?
-37
Let i(v) = 11*v**2 - 68*v + 8. Calculate i(6).
-4
Let p(s) = 4*s + 49. Calculate p(-15).
-11
Let a(i) = -13*i**2. Give a(-2).
-52
Let j(g) = g**2 + 10*g - 5. Determine j(-11).
6
Let u(c) = -3*c - 16. What is u(-9)?
11
Let z(c) = -c + 9. Give z(-5).
14
Let s(l) = l**2 + 19*l + 9. Determine s(-18).
-9
Let m(z) = -20*z**2 + 5*z - 6. Give m(1).
-21
Let x(w) = -2*w**3 - 9*w**2 - 2*w - 11. Calculate x(-5).
24
Let d(b) = -4*b**3 + 5*b**2 - 4*b + 1. What is d(3)?
-74
Let r(f) = 4*f + 14. What is r(-9)?
-22
Let x(q) = -q**3 - 3*q**2 - 6*q - 16. What is x(-3)?
2
Let x(s) = -3*s**2 - 4*s - 3. Determine x(-4).
-35
Let c(y) = -y**3 + 10*y**2 + 2*y - 15. Calculate c(10).
5
Let c(y) = -20*y - 61. Calculate c(-3).
-1
Let a(r) = -r + 6. Give a(9).
-3
Let h(n) = n**3 - n**2 + 2*n + 12. Calculate h(0).
12
Let h(s) = -s - 16. Determine h(-13).
-3
Let z(l) = 5*l - 21. Give z(-8).
-61
Let k(m) = m**2 - 3*m + 2. What is k(5)?
12
Let j(y) = y**3 + 6*y**2 + 3*y - 8. Determine j(-5).
2
Let x(n) = n + 1. What is x(4)?
5
Let d(w) = w**3 + 23*w**2 - 22*w + 47. What is d(-24)?
-1
Let s(d) = -d**2 - 2*d + 11. Give s(4).
-13
Let z(k) = -10*k + 84. Determine z(8).
4
Let i(w) = 2*w**3 + 12*w**2 + 4*w - 7. Calculate i(-6).
-31
Let l(q) = -q**2 + 8*q - 13. What is l(6)?
-1
Let n(u) = -u**2 - 12*u - 19. Give n(-9).
8
Let a(h) = 2*h + 17. What is a(-5)?
7
Let c(h) = -h**3 + 5*h**2 - 6*h - 3. Determine c(3).
-3
Let f(q) = -5*q + 3. Give f(2).
-7
Let b(c) = -c**3 - 8*c**2 + 8*c. Give b(-9).
9
Let y(t) = -4*t**2 + 7*t + 10. Determine y(5).
-55
Let u(h) = h**3 + 3*h**2 + h - 6. Determine u(-3).
-9
Let m(t) = -t - 5. What is m(0)?
-5
Let a(f) = -6*f**2 + 123*f - 62. Give a(20).
-2
Let o(q) = q**3 - 14*q**2 + 2*q - 3. Determine o(14).
25
Let f(n) = 9*n + 19. What is f(3)?
46
Let n(u) = -2*u**3 - 8*u**2 - 11*u - 9. Determine n(-4).
35
Let a(r) = 2*r**2 - 9*r + 4. Determine a(5).
9
Let d(n) = -n + 13. Determine d(3).
10
Let u(s) = -15*s + 1. Calculate u(1).
-14
Let f(u) = -u**3 - 4*u**2 - 27. Give f(-5).
-2
Let j(t) = -t + 9. What is j(6)?
3
Let y(k) = k**3 - 33*k**2 + 27*k + 149. Calculate y(32).
-11
Let c(s) = -s**2 + 11*s + 2. Give c(11).
2
Let a(x) = -2*x - 2. Give a(4).
-10
Let y(n) = -3*n**2 - 4*n - 28. Determine y(-8).
-188
Let c(i) = i**2 + 6*i + 9. What is c(-4)?
1
Let z(x) = 25*x + 87. Calculate z(-3).
12
Let r(j) = j**3 - j**2 + 5. Calculate r(0).
5
Let i(k) = -k**2 + 15*k + 7. Determine i(11).
51
Let b(c) = 48*c**3 + c**2 + c. Determine b(1).
50
Let h(r) = r**3 - 2*r**2 + r + 3. Give h(0).
3
Let v(r) = -4*r**2 - 30*r + 10. Give v(-8).
-6
Let b(t) = 80*t**3 + 2*t + 2. Give b(-1).
-80
Let b(t) = t**2 - 9*t + 19. Calculate b(6).
1
Let s(l) = -2*l + 2. What is s(11)?
-20
Let i(b) = 4*b**3 + 2*b**2 + 2*b. Give i(-1).
-4
Let h(i) = 14*i - 226. Determine h(16).
-2
Let d(w) = w**2 - 22*w + 107. Determine d(8).
-5
Let g(c) = -c**3 - 12*c**2 + 11*c - 11. What is g(-13)?
15
Let x(w) = -w**2 - 2*w + 7. Determine x(-5).
-8
Let b(n) = 2*n**3 + 4*n**2 + 3*n. Give b(-2).
-6
Let u(o) = 4*o + 43. Determine u(-12).
-5
Let m(n) = -n**2 - 2*n + 3. What is m(5)?
-32
Let a(y) = -y**2 + 6*y + 9. What is a(8)?
-7
Let d(b) = 3*b**2 + 25*b + 45. Give d(-5).
-5
Let i(a) = 20*a**2 + 1. Determine i(1).
21
Let v(l) = l**2 - 34*l - 110. Give v(37).
1
Let o(b) = b**3 - 19*b**2 + 9. Calculate o(19).
9
Let l(n) = n**3 + 6*n**2 + n. What is l(-3)?
24
Let x(u) = u + 2. What is x(0)?
2
Let j(i) = i**3 + 23*i**2 - 210*i - 3. Determine j(-30).
-3
Let o(b) = -b**2 + 8*b + 9. Calculate o(8).
9
Let m(g) = g + 58. Calculate m(-20).
38
Let k(i) = i**2 + 7*i - 11. Calculate k(-8).
-3
Let b(y) = -3*y + 20. Determine b(-4).
32
Let i(u) = -5*u**3 + 8*u**2 + 2*u. Calculate i(2).
-4
Let x(c) = 8*c - 1. Determine x(1).
7
Let j(l) = l**3 + 3*l**2 - 2*l - 1. What is j(-3)?
5
Let a(x) = -x + 29. What is a(0)?
29
Let w(o) = -4*o - 7. What is w(-3)?
5
Let c(o) = o**3 - 6*o**2 + 2*o - 5. Determine c(6).
7
Let i(d) = -d**3 + 49*d + 7. Determine i(-7).
7
Let y(k) = 27*k + 166. Determine y(-6).
4
Let q(f) = -f - 8. Calculate q(-4).
-4
Let m(z) = 3*z + 3. Give m(0).
3
Let c(k) = 21*k + 2. Determine c(-2).
-40
Let b(j) = -9*j**2 - 5*j + 3. What is b(2)?
-43
Let m(h) = -2*h**2 - 38*h - 15. Give m(-18).
21
Let g(h) = h**3 + 2*h**2 + 2*h - 9. What is g(0)?
-9
Let g(o) = 5*o**2 + 7*o + 6. Determine g(-2).
12
Let z(n) = -n**3 - 8*n**2 + 7*n + 15. Give z(-9).
33
Let o(a) = -a**2 - 19*a + 30. Give o(-20).
10
Let n(s) = -2*s**2 + 55*s + 67. What is n(29)?
-20
Let s(i) = -i + 8. Give s(8).
0
Let w(u) = -u**3 + 2*u**2 - 7. Give w(3).
-16
Let c(o) = -14*o - 101. What is c(-7)?
-3
Let n(k) = -5*k + 21. Calculate n(2).
11
Let z(t) = -t**3 + 7*t**2 + 2*t - 7. Determine z(6).
41
Let a(r) = 3*r - 4. What is a(-2)?
-10
Let d(a) = a**3 - 6*a**2 - 14*a + 18. Determine d(8).
34
Let l(m) = -2*m + 2. Calculate l(6).
-10
Let l(f) = 3*f - 76. Calculate l(23).
-7
Let d(b) = b**3 + 3*b**2 - 2*b - 2. Calculate d(-4).
-10
Let j(h) = h**2 - 17*h - 57. Give j(20).
3
Let i(r) = -6*r**2 + 2*r - 2. Calculate i(2).
-22
Let v(y) = -y + 23. What